{"id":50,"date":"2020-12-26T18:53:59","date_gmt":"2020-12-26T21:53:59","guid":{"rendered":"http:\/\/localhost\/koldexa\/acerca-de-nosotros-deutsch\/"},"modified":"2021-02-24T17:45:19","modified_gmt":"2021-02-24T16:45:19","slug":"acerca-de-nosotros-deutsch","status":"publish","type":"page","link":"https:\/\/koldexa.com\/?page_id=50&lang=de","title":{"rendered":"\u00dcBER UNS"},"content":{"rendered":"\r\n<p>Unser Ziel ist es, unseren Kunden L\u00f6sungen unter Ber\u00fccksichtigung ihrer Bed\u00fcrfnisse und Anforderungen zu bieten.<\/p>\r\n\r\n\r\n\r\n<p>Wir liefern an Kunden aus der Industrie, dem verarbeitenden Gewerbe sowie Distributoren und H\u00e4ndler aus verschiedenen Bereichen wie der Metallurgie, dem Recycling, der Automobilindustrie sowie der Land-und Bauwirtschaft.<\/p>\r\n\r\n\r\n\r\n<p>Auf Grund unserer Erfahrung, Exportieren wir weltweit.<\/p>\r\n","protected":false},"excerpt":{"rendered":"<p>Unser Ziel ist es, unseren Kunden L\u00f6sungen unter Ber\u00fccksichtigung ihrer Bed\u00fcrfnisse und Anforderungen zu bieten. Wir liefern an Kunden aus der Industrie, dem verarbeitenden Gewerbe sowie Distributoren und H\u00e4ndler aus verschiedenen Bereichen wie der Metallurgie, dem Recycling, der Automobilindustrie sowie der Land-und Bauwirtschaft. Auf Grund unserer Erfahrung, Exportieren wir weltweit.<\/p>\n","protected":false},"author":1,"featured_media":0,"parent":0,"menu_order":0,"comment_status":"closed","ping_status":"closed","template":"page-home.php","meta":{"_monsterinsights_skip_tracking":false,"_monsterinsights_sitenote_active":false,"_monsterinsights_sitenote_note":"","_monsterinsights_sitenote_category":0,"footnotes":""},"class_list":["post-50","page","type-page","status-publish","hentry"],"_links":{"self":[{"href":"https:\/\/koldexa.com\/index.php?rest_route=\/wp\/v2\/pages\/50","targetHints":{"allow":["GET"]}}],"collection":[{"href":"https:\/\/koldexa.com\/index.php?rest_route=\/wp\/v2\/pages"}],"about":[{"href":"https:\/\/koldexa.com\/index.php?rest_route=\/wp\/v2\/types\/page"}],"author":[{"embeddable":true,"href":"https:\/\/koldexa.com\/index.php?rest_route=\/wp\/v2\/users\/1"}],"replies":[{"embeddable":true,"href":"https:\/\/koldexa.com\/index.php?rest_route=%2Fwp%2Fv2%2Fcomments&post=50"}],"version-history":[{"count":4,"href":"https:\/\/koldexa.com\/index.php?rest_route=\/wp\/v2\/pages\/50\/revisions"}],"predecessor-version":[{"id":778,"href":"https:\/\/koldexa.com\/index.php?rest_route=\/wp\/v2\/pages\/50\/revisions\/778"}],"wp:attachment":[{"href":"https:\/\/koldexa.com\/index.php?rest_route=%2Fwp%2Fv2%2Fmedia&parent=50"}],"curies":[{"name":"wp","href":"https:\/\/api.w.org\/{rel}","templated":true}]}}