{"id":29,"date":"2020-12-25T14:31:15","date_gmt":"2020-12-25T17:31:15","guid":{"rendered":"http:\/\/localhost\/koldexa\/?page_id=29"},"modified":"2025-10-03T10:39:55","modified_gmt":"2025-10-03T08:39:55","slug":"acerca-de-nosotros","status":"publish","type":"page","link":"https:\/\/koldexa.com\/?page_id=29&lang=es","title":{"rendered":"Acerca de nosotros"},"content":{"rendered":"\r\n<p>Nuestro objectivo es de proponer a nuestros clientes soluciones, teniendo en cuenta sus necesidades e imperativos.<\/p>\r\n\r\n\r\n\r\n<p>Entregamos a una clientela de industriales, transformadores, distribuidores y negociantes en diversos \u00e1mbitos como : metal\u00fargica, reciclaje, automoci\u00f3n, electrodom\u00e9sticos, ceramientos, mobiliario, agricultura , construcci\u00f3n y PLV.<\/p>\r\n\r\n\r\n\r\n<p>Gracias a nuestra experiencia, exportamos en el mundo entero.<\/p>\r\n","protected":false},"excerpt":{"rendered":"<p>Nuestro objectivo es de proponer a nuestros clientes soluciones, teniendo en cuenta sus necesidades e imperativos. Entregamos a una clientela de industriales, transformadores, distribuidores y negociantes en diversos \u00e1mbitos como : metal\u00fargica, reciclaje, automoci\u00f3n, electrodom\u00e9sticos, ceramientos, mobiliario, agricultura , construcci\u00f3n y PLV. Gracias a nuestra experiencia, exportamos en el mundo entero.<\/p>\n","protected":false},"author":1,"featured_media":0,"parent":0,"menu_order":0,"comment_status":"closed","ping_status":"closed","template":"page-home.php","meta":{"_monsterinsights_skip_tracking":false,"_monsterinsights_sitenote_active":false,"_monsterinsights_sitenote_note":"","_monsterinsights_sitenote_category":0,"footnotes":""},"class_list":["post-29","page","type-page","status-publish","hentry"],"_links":{"self":[{"href":"https:\/\/koldexa.com\/index.php?rest_route=\/wp\/v2\/pages\/29","targetHints":{"allow":["GET"]}}],"collection":[{"href":"https:\/\/koldexa.com\/index.php?rest_route=\/wp\/v2\/pages"}],"about":[{"href":"https:\/\/koldexa.com\/index.php?rest_route=\/wp\/v2\/types\/page"}],"author":[{"embeddable":true,"href":"https:\/\/koldexa.com\/index.php?rest_route=\/wp\/v2\/users\/1"}],"replies":[{"embeddable":true,"href":"https:\/\/koldexa.com\/index.php?rest_route=%2Fwp%2Fv2%2Fcomments&post=29"}],"version-history":[{"count":5,"href":"https:\/\/koldexa.com\/index.php?rest_route=\/wp\/v2\/pages\/29\/revisions"}],"predecessor-version":[{"id":1509,"href":"https:\/\/koldexa.com\/index.php?rest_route=\/wp\/v2\/pages\/29\/revisions\/1509"}],"wp:attachment":[{"href":"https:\/\/koldexa.com\/index.php?rest_route=%2Fwp%2Fv2%2Fmedia&parent=29"}],"curies":[{"name":"wp","href":"https:\/\/api.w.org\/{rel}","templated":true}]}}